on factor of 1133 and 22.
11
Calculate the greatest common factor of 2725 and 100.
25
What is the greatest common factor of 2848 and 32?
32
Calculate the highest common factor of 2508 and 2717.
209
Calculate the greatest common factor of 26999 and 19.
19
Calculate the greatest common factor of 1917 and 71.
71
Calculate the highest common divisor of 112 and 140.
28
What is the greatest common divisor of 36 and 60?
12
What is the highest common factor of 90 and 870?
30
Calculate the highest common factor of 1534 and 354.
118
What is the greatest common divisor of 175 and 560?
35
Calculate the greatest common factor of 10224 and 432.
144
What is the greatest common factor of 1188 and 44?
44
Calculate the greatest common factor of 125 and 100.
25
What is the greatest common factor of 1770 and 1298?
118
Calculate the highest common factor of 138 and 30.
6
Calculate the highest common factor of 56 and 296.
8
Calculate the greatest common factor of 43 and 2.
1
What is the greatest common divisor of 908 and 8?
4
Calculate the highest common factor of 175 and 112.
7
Calculate the greatest common divisor of 1935 and 75.
15
Calculate the highest common factor of 10 and 410.
10
What is the greatest common divisor of 735 and 15?
15
Calculate the highest common divisor of 510 and 60.
30
What is the highest common divisor of 62 and 62?
62
What is the highest common divisor of 715 and 110?
55
What is the greatest common divisor of 91 and 49?
7
Calculate the greatest common factor of 1750 and 420.
70
What is the highest common divisor of 1081 and 253?
23
What is the greatest common divisor of 475 and 35?
5
Calculate the highest common factor of 1085 and 35.
35
Calculate the greatest common factor of 24 and 78.
6
Calculate the greatest common factor of 3 and 213.
3
Calculate the greatest common divisor of 3872 and 1210.
242
Calculate the highest common factor of 3798 and 18.
18
Calculate the highest common factor of 77 and 182.
7
What is the greatest common factor of 3 and 3?
3
Calculate the greatest common divisor of 54 and 270.
54
Calculate the greatest common divisor of 154 and 98.
14
What is the greatest common factor of 1464 and 24?
24
Calculate the greatest common factor of 200 and 2700.
100
Calculate the highest common factor of 62 and 2.
2
What is the greatest common factor of 354 and 38?
2
Calculate the highest common divisor of 1029 and 189.
21
Calculate the highest common divisor of 1010 and 10.
10
Calculate the greatest common factor of 209 and 22.
11
What is the highest common divisor of 3904 and 366?
122
What is the highest common factor of 37 and 125?
1
What is the greatest common factor of 1270 and 90?
10
Calculate the highest common factor of 56 and 19432.
56
Calculate the highest common divisor of 1386 and 14.
14
Calculate the greatest common factor of 265 and 53.
53
What is the greatest common factor of 6 and 3138?
6
Calculate the greatest common factor of 7 and 49.
7
What is the highest common divisor of 3 and 4944?
3
Calculate the highest common factor of 20 and 530.
10
What is the greatest common factor of 44 and 16357?
11
What is the highest common divisor of 180 and 58?
2
What is the greatest common factor of 41 and 6191?
41
Calculate the highest common factor of 290 and 116.
58
Calculate the greatest common divisor of 9 and 36.
9
Calculate the highest common factor of 2 and 9.
1
What is the highest common factor of 25 and 100?
25
What is the highest common factor of 87 and 203?
29
What is the highest common divisor of 235 and 94?
47
Calculate the greatest common divisor of 1372 and 441.
49
Calculate the highest common factor of 63 and 672.
21
What is the greatest common divisor of 928 and 203?
29
What is the highest common divisor of 71 and 119564?
71
What is the greatest common factor of 5 and 355?
5
Calculate the highest common divisor of 235 and 30.
5
Calculate the greatest common divisor of 564 and 24.
12
What is the highest common factor of 14213 and 699?
233
Calculate the greatest common factor of 82 and 41.
41
What is the highest common factor of 8833 and 292?
73
Calculate the highest common divisor of 110 and 30.
10
Calculate the highest common divisor of 14 and 3136.
14
What is the greatest common factor of 26290 and 220?
110
What is the highest common factor of 360 and 32?
8
Calculate the highest common divisor of 21 and 3577.
7
What is the highest common divisor of 20 and 65?
5
Calculate the highest common factor of 3 and 489.
3
What is the greatest common divisor of 1890 and 2457?
189
What is the greatest common divisor of 106 and 4?
2
Calculate the highest common divisor of 720 and 90.
90
What is the highest common factor of 11927 and 1?
1
Calculate the greatest common divisor of 2660 and 35.
35
What is the greatest common factor of 763 and 654?
109
Calculate the greatest common divisor of 65 and 3042.
13
What is the greatest common divisor of 696 and 6?
6
Calculate the highest common factor of 58 and 218.
2
What is the highest common divisor of 400 and 496?
16
What is the highest common divisor of 80 and 180?
20
Calculate the greatest common divisor of 66 and 22.
22
Calculate the highest common factor of 336 and 21.
21
Calculate the highest common divisor of 228 and 60.
12
Calculate the greatest common divisor of 126 and 18.
18
What is the highest common divisor of 13 and 26?
13
Calculate the greatest common divisor of 3471 and 4539.
267
Calculate the highest common factor of 16 and 5072.
16
Calculate the highest common divisor of 1498 and 112.
14
Calculate the highest common divisor of 2 and 406.
2
Calculate the highest common factor of 9 and 144.
9
Calculate the highest common factor of 9215 and 95.
95
What is the highest common factor of 7 and 259?
7
What is the highest common divisor of 4371 and 93?
93
Calculate the highest common divisor of 15 and 150.
15
Calculate the greatest common factor of 3699 and 3.
3
Calculate the highest common factor of 2 and 400.
2
What is the greatest common divisor of 4134 and 117?
39
What is the greatest common factor of 20220 and 240?
60
What is the greatest common factor of 1896 and 24?
24
What is the greatest common divisor of 23860 and 40?
20
Calculate the greatest common divisor of 1953 and 27.
9
What is the greatest common divisor of 30 and 375?
15
Calculate the highest common divisor of 1520 and 80.
80
What is the highest common factor of 75 and 3225?
75
What is the highest common divisor of 582 and 485?
97
Calculate the greatest common factor of 180 and 160.
20
Calculate the highest common factor of 321 and 3.
3
What is the greatest common factor of 160 and 128?
32
What is the highest common factor of 6655 and 385?
55
Calculate the highest common divisor of 84 and 140.
28
Calculate the highest common factor of 89243 and 19.
19
What is the highest common divisor of 486 and 18?
18
What is the highest common factor of 1160 and 18270?
290
What is the highest common factor of 20 and 90?
10
Calculate the greatest common factor of 153 and 783.
9
What is the greatest common factor of 156 and 13?
13
What is the greatest common divisor of 150 and 12?
6
Calculate the highest common divisor of 45 and 555.
15
What is the highest common divisor of 180 and 108?
36
Calculate the greatest common factor of 100 and 16.
4
What is the highest common divisor of 69 and 30521?
23
Calculate the highest common factor of 27 and 27.
27
Calculate the greatest common divisor of 46397 and 86.
43
Calculate the greatest common factor of 17888 and 43.
43
What is the highest common divisor of 54 and 918?
54
Calculate the greatest common factor of 1600 and 75.
25
Calculate the highest common divisor of 3840 and 5.
5
What is the highest common divisor of 539 and 196?
49
Calculate the highest common divisor of 144 and 64.
16
Calculate the highest common factor of 781 and 213.
71
Calculate the highest common factor of 3294 and 244.
122
Calculate the highest common factor of 29 and 2059.
29
Calculate the greatest common factor of 24 and 58.
2
What is the greatest common divisor of 41 and 18901?
41
What is the highest common factor of 3211 and 2028?
169
What is the highest common factor of 2077 and 31?
31
What is the highest common divisor of 28 and 91?
7
What is the highest common factor of 110 and 8679?
11
Calcul